 be l(j). Suppose -5*m + q*m - 26 = 0. What is the tens digit of m?
2
Let w(a) = a + 7. Let u be w(-5). Suppose -5*o + u*o + 57 = 0. Suppose 0 = -2*c + o + 9. What is the tens digit of c?
1
Let t(w) = 6*w**2 + 17*w + 1. What is the thousands digit of t(18)?
2
Let r be ((-21)/6 + 2)*14/(-3). Suppose -5*t - 124 = -m, r*m - 536 = 2*m + 4*t. What is the hundreds digit of m?
1
Suppose 0 = -4*n + 69 + 19. Suppose -1 = -5*v - 6, 0 = 2*r - v + 67. Let c = n - r. What is the tens digit of c?
5
Let q = -340 + 631. Suppose 3*k = -9, -m - 1 = -4*k + 6*k. Suppose -2*n + 138 = -5*w, 0*n - m*n - w = -q. What is the tens digit of n?
5
Let f be (8/3)/4 + 480/9. Suppose -f*w = -49*w - 435. What is the units digit of w?
7
Let y = 16 + -13. Suppose 0*c + 25 = 5*n + 2*c, 3*n - 24 = -y*c. Let u = n + 38. What is the tens digit of u?
4
Suppose 0 = -50*c + 78839 + 102811. What is the tens digit of c?
3
Suppose -3*w + 700 = -731. What is the units digit of w?
7
Suppose -3*k + 1179 = -0*k - 3*x, -2*k - x = -777. Suppose -65 + k = 5*q. What is the units digit of q?
5
Suppose -6 = -c - 3. Suppose -c*x + h + 173 = 0, 3*x - 3*h + 6*h = 189. What is the units digit of x?
9
Let i(v) = -v - 12. Let m(q) = -q - 1. Let l(d) = i(d) - 2*m(d). Let c be l(10). Suppose c = -g + 11 + 12. What is the units digit of g?
3
Let s(t) = -t + 170. Let x be s(0). What is the units digit of (-2)/(-3) - x/(-15)?
2
Suppose -2*d + 1631 = -u - 0*u, 3*d - 2444 = -u. What is the tens digit of d?
1
Let o be -5*2/(-10)*-7. What is the tens digit of ((-184)/3*1)/(o/21)?
8
Let d = -18 + 16. What is the units digit of 8/20 - (d + 536/(-10))?
6
Let k be (-64*(-9)/(-30))/((-1)/10). Let h = -28 + k. What is the hundreds digit of h?
1
Let s(k) = -k + 7. Let b be s(4). Suppose 0 = -b*q - 2*q + 140. What is the units digit of q?
8
Let k be (-654)/(-10) + (-32)/80. Suppose -2*w + k = -39. What is the tens digit of w?
5
Let f(n) = 17*n + 14*n + 14 - 30*n. Let i be f(-10). What is the tens digit of (7 - i) + -1 + 47?
4
Suppose 5*b - 5*d = 1870, -b - 3*d + 272 = -90. What is the hundreds digit of b?
3
Suppose 3*x + s - 10 = -0*x, 0 = 5*x - 4*s - 45. Suppose -x*r - 983 = -5*y + 447, y - 295 = -2*r. What is the hundreds digit of y?
2
Let q(n) = -n**3 - 2*n**2 - 2*n + 2. Let d be q(-2). What is the tens digit of (-1346)/(-18) + d/27?
7
Let m be 134/(22/121 + 24/(-11)). Let w = 168 + m. What is the hundreds digit of w?
1
Let q = -6 - -8. Suppose 2*w = i + 79, -q*w - 2*i + 108 = w. What is the units digit of w?
8
Let g(j) = -j**3 - 2*j**2 + 3*j + 1. Let h be g(-3). Suppose 3*n + h = 130. What is the units digit of n?
3
Let c = 19 - 26. What is the tens digit of 68 + c + (4 - 2)?
6
Let k be 1 + (1 - 6/(-3)). Suppose -k*x + 1 = -7. What is the units digit of (x - (1 + 3)) + 27?
5
Suppose -3*d + 5*w + 35 = 0, -4*d - 5*w + 4*w = -16. Suppose 2*m = -3*g + d*m + 420, -5*m = g - 122. What is the hundreds digit of g?
1
Suppose 0 = -11*g - 33 - 11. What is the tens digit of (2 + g - 1) + (-272)/(-8)?
3
Let q(d) = 28*d**2 + 19*d + 27. What is the units digit of q(-7)?
6
Suppose 4 = f - 25. Suppose 4*n - f = -5*s + 8*n, 3*n = 4*s - 23. Let m(c) = 3*c + 7. What is the tens digit of m(s)?
2
Let q(u) = -7*u + 50. Let i be q(5). What is the units digit of ((-996)/i)/(8/(-20))?
6
Suppose -5*g + 4 = -1. Let v be g*1*(5 + 2). Suppose v*i + 95 = 270. What is the units digit of i?
5
Suppose -167*f + 1965 = -162*f. What is the hundreds digit of f?
3
Let k(f) = -f**2 + 10*f + 9. Let b be k(8). Suppose -b*q + 60 = -21*q. What is the units digit of q?
5
What is the thousands digit of (1059/(-9))/((-33)/792)?
2
Let s be (-7)/(-4) + (-9)/(-36). Suppose -129 = -s*i + 499. What is the hundreds digit of i?
3
Let k = 11 - -16. Suppose 2*i - 8 = -3*j, -4*j + 2*i + k = 7. Suppose -3*u - j*t = -119, 0 = -u - 0*t - 3*t + 38. What is the units digit of u?
1
Let j(u) = u**2 + 7*u + 3. Let b be j(-5). Let z(w) = w**2 - 5*w - 5 - w + 6*w. What is the tens digit of z(b)?
4
Suppose -5 = -3*s - w, 6 = s - 2*w - 5. Suppose -s*m - 4*v = -122, -2*v = 5*m - 7*v - 215. Suppose -2*i + 32 = -m. What is the tens digit of i?
3
Suppose -9*x + 11424 = -38679. What is the tens digit of x?
6
Let g be 7*((-48)/21)/(-4). Suppose 2*a - 3*t + 20 = 4*a, 0 = -g*a + 2*t + 56. Let n = 28 + a. What is the units digit of n?
1
Let f be (-95)/(-57) - (-1)/3. Suppose 0 = -f*z - 3*d + 44, -66 = -4*z - d + 6*d. Let p(r) = 3*r - 10. What is the tens digit of p(z)?
4
Let j be (-15)/(-25) + 14/10. Suppose 4*m = -w + 101, -j*m - 3*m + 445 = 5*w. What is the tens digit of w?
8
Suppose 4*o + 11 = 4*q + q, q + 2*o = 5. Let x = q + -1. Suppose -3*d - x*d = 4*t - 132, -3*d - 132 = -4*t. What is the units digit of t?
3
Let l(o) = 9*o - 19. Let g be l(13). Let b = 139 - g. Let x = 47 - b. What is the units digit of x?
6
Suppose 5*r = 5*s - 65, -s - 2*r + 10 = -0*r. Suppose -3*b - s = d - 2*b, 0 = 4*b - 4. Let x(f) = f**3 + 13*f**2 - f - 3. What is the units digit of x(d)?
0
Suppose 377 = 6*t - 847. What is the hundreds digit of t?
2
Let p(l) = -4*l + 4. Let s be p(1). Let c(r) = -r**2 + r + 76. What is the tens digit of c(s)?
7
Suppose -13 = -6*f + 5*f. Let z = f - 11. Suppose 0*w + 32 = z*w. What is the tens digit of w?
1
Let l = 10 - 10. Suppose 2*c + 52 = 2*w + 2, l = w - 4*c - 37. Suppose 2*x - w = 25. What is the tens digit of x?
2
What is the units digit of 8 - ((2 - 1) + 1 + 2)?
4
Let u(g) = 383*g - 378. What is the thousands digit of u(5)?
1
Let p(j) = j**3 + 2*j**2 + 2*j - 23. Let n(z) = -z**2 - z - 1. Suppose 2*a = 5*a + 3. Let y(m) = a*p(m) - 2*n(m). What is the tens digit of y(0)?
2
Suppose h = -115 - 86. Let d be (h/(-12))/((-1)/(-4)). Suppose -3*t = 4*q - 14 - 8, -3*t = -5*q - d. What is the units digit of t?
4
Suppose b - 4*i = -2*b + 9285, 4*i + 3087 = b. What is the thousands digit of b?
3
Suppose -517 - 323 = -5*x. Suppose 4*t + 4*r - x = -0*r, 4*t = -r + 159. What is the units digit of t?
9
Let g(d) = 32*d**2 + 3*d + 5. Let i = -15 + 13. What is the units digit of g(i)?
7
Suppose 3*q = 4*l + 5164, -68*q + 63*q + 2*l = -8630. What is the hundreds digit of q?
7
Let k = -1508 - -2125. Suppose 3*b - 91 = k. What is the tens digit of b?
3
Let b = 2243 - 148. What is the thousands digit of b?
2
What is the units digit of (5 - (-132)/(-24))*4292/(-2)?
3
Let p(z) = z**3 + 14*z**2 - 3*z - 29. Suppose -3*y = 5*m + 62, -3*y - 58 = 2*y - 3*m. What is the tens digit of p(y)?
1
What is the hundreds digit of (-2)/(4/526)*-4?
0
Let p be (176/20 + -6)/(1/5). Let u(y) = y - 6. Let k be u(-5). Let t = p + k. What is the units digit of t?
3
Let p = -15 - -4. Let l = p + 21. What is the units digit of l?
0
What is the units digit of ((-839020)/(-280))/((-1)/(-2))?
3
What is the units digit of ((-2)/6*1)/(1/(-2895))?
5
Let d(x) = -x**3 + 8*x**2 + 4*x - 7. Let m be d(9). What is the tens digit of m/(-3) + 8/12?
1
Suppose -140 = -4*i - g + 161, 3*i - 2*g = 234. Suppose 0 = m + m. Suppose o + 3*o - i = m. What is the tens digit of o?
1
Suppose 5*g - 3*x - 2881 = 0, 5*x + 1719 = 34*g - 31*g. What is the hundreds digit of g?
5
Suppose -4*o + 5208 = -5*j + j, o - 2*j = 1303. What is the thousands digit of o?
1
Suppose c - 831 = -2*l, -3*l - 3372 = -4*c + l. What is the hundreds digit of c?
8
Let x(u) = 177*u - 123. What is the hundreds digit of x(5)?
7
Let i(a) = -5*a - 17*a + 11 + 14*a. What is the tens digit of i(-8)?
7
Let f(r) = r**3 - r. Let i be f(2). Let q = 0 - i. What is the tens digit of (27/(-18))/(q/140)?
3
Let a be -8*(4/(-8) + 2 + -2). What is the tens digit of (-1406)/(-12) - a/24?
1
Let c(x) = x - 10*x + 3*x - 2*x + 19 + x**2. What is the tens digit of c(10)?
3
Suppose -3*i = -4*i - 17. Let t = i + 20. Suppose z = -0*z - q + 12, t*z - 44 = q. What is the units digit of z?
4
Suppose -5*c + 6 = -3*c. Let g = 9 - c. What is the units digit of (-9)/(-2 + 10/g)?
7
Suppose 0 = -2*a + 11 - 15. What is the tens digit of 54/2 - (a - -4)?
2
Let d = 0 + -2. Suppose -2*v = -5*v - 54. What is the tens digit of (d - -101)*(-6)/v?
3
Suppose -n + 19*m - 15*m + 4537 = 0, n - 4569 = -4*m. What is the tens digit of n?
5
Let z = -20 - -23. Suppose z*w - 8*w = 0. Suppose -i - 2*n + 4 = 0, -4*i = -w*i - 5*n - 42. What is the units digit of i?
8
Let s(i) be the first derivative of 7*i**2/2 - 9*i - 4. Suppose